w(d) be the second derivative of -d**3/3 + d**2/2 + 3*d. Let l be w(-4). Let f = l + -2. What are the prime factors of f?
7
Let x(k) = -k**2 + 9*k + 4. Let f be x(9). Let n = -5 + f. List the prime factors of -2 + 8 - (n + -2).
3
Let l = -16 + 27. List the prime factors of l.
11
Suppose -3*b + 4*p + 328 = -159, -512 = -3*b - p. List the prime factors of b.
13
Let r(s) = s**2 + 2*s + 3. Let d = 5 + -9. List the prime factors of r(d).
11
Suppose 4*y = 5*l - 354 - 534, -4*y = -2*l + 360. What are the prime factors of l?
2, 11
Let w(z) = z**3 - 10*z**2 - 10*z - 9. Let r be w(11). Suppose -r*l + 30 = 4. What are the prime factors of l?
13
Suppose 5*x - 3*x - 2*c - 38 = 0, -3*x - 2*c = -82. Suppose -f - 1 = -i - 2*i, -2*i = 4*f - x. What are the prime factors of i?
2
Suppose -19 - 1 = -4*q. Suppose 0*r + q*r = 10. List the prime factors of r.
2
Suppose 5*c - d = 55, -2*c = -2*d - 16 - 6. Let b(w) = -w**3 + 11*w**2 + 2*w + 12. What are the prime factors of b(c)?
2, 17
Let v be 2/(4/6) + -32. Let d = v + 52. List the prime factors of d.
23
Let a(o) = -4*o - 9. Let y be a(-6). What are the prime factors of y*(4 - 0 - 1)?
3, 5
Let t = 100 - 55. What are the prime factors of t?
3, 5
Suppose 2 = f + 1. Let g(m) = m - 1. Let o(h) = -21*h + 14. Let z(a) = -14*g(a) - o(a). What are the prime factors of z(f)?
7
Suppose -4*i + 0*i = 0. What are the prime factors of (-3 - -2) + (i - -6)?
5
Suppose z = -3*o + 85, 5*o - 165 + 25 = -2*z. What are the prime factors of o?
2, 3, 5
Let g(l) = -3*l - 2 - 3 + 1. Let p be g(-3). Suppose -t - 4*q = 0, 0 = -p*t - 2*q + 3*q + 21. List the prime factors of t.
2
Suppose 4*c = v - 14, 3*v = -v + 4*c + 20. Suppose 0*j - v*j + 5*a = -8, 0 = -5*j - 2*a + 20. Suppose 0 = j*x + 28 - 80. What are the prime factors of x?
13
Suppose -3*z + 3*r = -165, -3*r - 271 = -3*z - 2*z. List the prime factors of z.
53
Let x = 0 - -23. What are the prime factors of x?
23
Let i(w) = -w + 7. Let q be i(4). Suppose -5*s = 5*z - 30, 5 - 13 = 2*s - q*z. List the prime factors of s.
2
Let y(w) = -w + 1. List the prime factors of y(-4).
5
Let m = 38 + -12. What are the prime factors of m?
2, 13
Suppose 2*y - 20 = -4*g, -25 + 5 = -5*g. Suppose y*l = -36 + 142. What are the prime factors of l?
53
Let q(t) = -2*t**3 - 11*t**2 - 16*t - 6. What are the prime factors of q(-6)?
2, 3, 7
Let g = -489 - -695. What are the prime factors of g?
2, 103
Let l = 0 + 4. Let s be l/18 - (-34)/9. Let k(f) = f. What are the prime factors of k(s)?
2
Suppose -2*u = 3*y + 13, 5*y - u = -2*u - 31. List the prime factors of (-1 - y) + 21/(-7).
3
Let g(f) = 3*f**2 + f + 3. What are the prime factors of g(3)?
3, 11
Suppose 0 = 3*b + 3*t - 111, 3*t - 42 = -b - 1. What are the prime factors of b?
5, 7
Let f(w) = w - 5. Let u be f(5). Let z(j) = u + 1 + 3*j - 4*j. What are the prime factors of z(-1)?
2
Let g(r) = -r**2 + 12*r + 12. Let m be g(9). Suppose 0*z + m = 2*c + 5*z, -c + 2*z + 15 = 0. List the prime factors of c.
17
Suppose 0 = 3*t + 7 + 5. Let g = 42 + t. List the prime factors of g.
2, 19
Let c = 35 - 17. List the prime factors of c.
2, 3
Suppose 9*i + v = 4*i + 40, -2*v - 28 = -2*i. List the prime factors of i.
3
Suppose -5*u + 0 = 5. Let m = u + 7. List the prime factors of m.
2, 3
Let v(n) = -6*n + 2. Let r = -1 - 1. What are the prime factors of v(r)?
2, 7
Let o(g) = -2*g**2 + g**3 - g**2 - 4*g + 0*g**2 - g**2 + 5. What are the prime factors of o(5)?
2, 5
List the prime factors of -1*380/(-5) - -3.
79
Suppose 0*g + 3 = 3*g - 3*p, -4 = -g + 4*p. Suppose 1 = m - g*m. What are the prime factors of (m - -1) + (-2 - -4)?
2
Suppose 0 = i - 2*i + 1. Let w(p) be the first derivative of p**4 - p**2/2 + p - 5. List the prime factors of w(i).
2
Suppose 0 = -3*d + 14 + 1. Suppose -10 + 105 = d*h. List the prime factors of h.
19
Let k(w) = w**3 - 6*w**2 + 7*w - 4. Let x be k(4). What are the prime factors of 12*2*x/(-16)?
2, 3
List the prime factors of (-4 - -3)/(3/(-540)*2).
2, 3, 5
Let d(g) = g**3 - 3*g**2 + g - 5. List the prime factors of d(4).
3, 5
Let p = 26 + 13. List the prime factors of p.
3, 13
Let d = -8 + 6. Let o = -2 - d. Suppose o = x + 2*f, -2*x + x + 3*f = -20. List the prime factors of x.
2
What are the prime factors of 4/(-5) + 1678/10?
167
Suppose -132 = -3*h - 0*h. What are the prime factors of h?
2, 11
Let d be (-8)/28 - (-38)/(-14). Let x be 1*d/(-9)*9. Suppose 5*g - 20 = x*g. List the prime factors of g.
2, 5
What are the prime factors of (-1 - 0) + 39*95/15?
2, 3, 41
Suppose 20 = -o - 5*a - 20, 76 = -4*o + a. Let l be 222/(-8) + 2/(-8). Let u = o - l. What are the prime factors of u?
2
Let z be ((-28)/(-5))/((-2)/10). Let m = z - -52. List the prime factors of m.
2, 3
Suppose -4*h + 4*y = -0*y - 28, -3 = -h - y. Suppose -2*f = -h*f + 6. What are the prime factors of (1/3)/(f/48)?
2
Let p(r) = 2*r**2 - 3*r + 5. List the prime factors of p(-6).
5, 19
Let d = -18 + 85. What are the prime factors of d?
67
Let f(s) = -s**2 + 3*s + 4. Let j be f(3). Let r(u) = u**3 - 9*u**2 + 8*u + 7. Let v be r(8). Let o = v - j. List the prime factors of o.
3
Suppose 5*c = 2*c + 18. Let y = 13 + c. Suppose -y = -3*a + v, -5*v - 36 = -4*a - v. List the prime factors of a.
5
Let j(z) = 3*z**2 - 6*z - 5. Let l be j(5). Suppose -5*t + 35 = -l. What are the prime factors of t?
3, 5
Suppose 20 = 5*a, 3*k - 5*a = -0*k + 4. List the prime factors of (2/(-2))/((-4)/k).
2
List the prime factors of 26/2*4/4.
13
Suppose -104 = -2*s - 16. Suppose -2*w - j = 2*w - 48, 4*w + 2*j = s. What are the prime factors of w?
13
Suppose -m = 3*m - 4. Let r = -7 - m. Let d(q) = -q**3 - 7*q**2 + 7*q + 3. List the prime factors of d(r).
11
Let d(v) = 2*v**2 - 2*v - 4. Suppose 0*q - 2*q + 11 = 3*y, 5*q - 25 = -5*y. Suppose f - 4 = -y. List the prime factors of d(f).
2
Suppose -3 = -4*q + 1. What are the prime factors of (q/2)/(4/104)?
13
Suppose -2*l - 19 + 70 = u, 0 = -2*l + 2. List the prime factors of u.
7
Let n(v) = -v**3 + v**2 - 2*v + 1. Let f be n(1). Let q be -1 - (f - 0/(-3)). Suppose -2*y + 7 = -2*u + 3*u, q = 3*u + 3*y - 27. List the prime factors of u.
11
Suppose 4 = -c + 15. Let t = -6 + c. What are the prime factors of t?
5
Let f(m) = 10*m**2 + 3*m - 1. Let y be f(-3). Suppose -2*d - 4*h = -40, y = 4*d - h - 4*h. List the prime factors of d.
2, 5
Suppose -7*g + 996 = 5*g. List the prime factors of g.
83
Suppose 0 = 3*o - 45 - 33. Let n = o + -16. List the prime factors of n.
2, 5
Suppose 3*l + z - 82 = -z, -l = 3*z - 39. Let w = l + -14. Suppose 0 = 5*u - t - 0*t - 34, -5*u - 5*t = -w. List the prime factors of u.
2, 3
Let m = 20 + -8. Suppose -2*c - c + m = 0. List the prime factors of c.
2
What are the prime factors of ((-20)/15)/(2/(-78))?
2, 13
Suppose -32 = 4*b + 3*x - 175, 3*b - 2*x = 86. Let o = -51 - -55. Suppose 92 = o*v + b. List the prime factors of v.
3, 5
Let z be -2 - 5*(-3)/3. Suppose 1 = -z*w + 67. What are the prime factors of w?
2, 11
Let t(s) be the first derivative of s**4/4 + s**3/3 - s**2/2 + 2*s - 2. Let w be t(-2). Suppose 3*z + 2*z - 50 = w. What are the prime factors of z?
2, 5
Let d = 29 + -28. Let m be ((-24)/(-10))/(1/(-5)). Let v = d - m. List the prime factors of v.
13
Suppose -3*m + 58 + 89 = 0. What are the prime factors of m?
7
Let b = 88 + 70. What are the prime factors of b?
2, 79
Suppose q = 107 + 40. What are the prime factors of q?
3, 7
Let n(f) = -1 - 6 + 6 + 5*f. List the prime factors of n(5).
2, 3
Suppose 1 + 2 = -3*c. Let b(n) = -n**2 - 5*n + 6. Let l be b(-6). What are the prime factors of c*(-1 - l)*7?
7
Let l(a) = a**2 - a + 2. Let p be l(2). Suppose -3*n + p = -4*g, 0 = g + n - 0*n - 6. Suppose -c + 18 = -5*d + d, g*d = -4. List the prime factors of c.
2, 5
Let t(z) = -z**2 - 3*z + 4. Let u be t(-4). Suppose u = v - 3*v + 6. What are the prime factors of v?
3
Let w = -101 - -146. List the prime factors of w.
3, 5
List the prime factors of ((-1)/3)/(6/(-90)).
5
Let k be 2*(-2)/(16/(-20)). Suppose 0 = 3*c - 4*q - 36, 2*q - 86 = -k*c - 0*q. List the prime factors of c.
2
Suppose 3*f - s = 4, 3*s + 11 = -1. Let a(v) = f*v - v - 8 + 0*v - v. What are the prime factors of a(-6)?
2
Let s(t) = -t**2 - 7*t + 2. Let o be s(-7). Suppose 22 = 2*d + 5*i, 0*i + 2*i + 22 = o*d. List the prime factors of d.
11
Suppose -12 = 4*o - 6*o. Suppose -9*s + 105 =